t z = 2 + -1. Calculate the greatest common factor of d and z.
1
Let f be 14 - (1 + -2)*-2. Suppose m = 4*m - f. Let p(i) = -i**3 + 14*i**2 + 18*i - 39. Let g be p(15). Calculate the greatest common factor of m and g.
2
Let u be 43 - (-2 + 1)/1. Let r be (2 + 1)*44/(-6). Let v be (1/(-2))/(1/r). Calculate the greatest common factor of v and u.
11
Let s be (2/(-4))/(3/36). Let w be 44/(-12) + (-4)/s. Let n = -2 - w. What is the greatest common factor of 8 and n?
1
Let c = 16 - 5. Let f be 4*2*(-4)/(-8). Suppose f*t = -t + 110. What is the highest common divisor of t and c?
11
Suppose 0 = -4*w - 2*g + 106, -4*w + 8*w + 4*g = 104. Suppose -3*o + 5*k = -26 - 2, 0 = 2*o + 5*k - w. What is the highest common factor of o and 99?
11
Suppose -3*s + s - 12 = 0. Let q be 9/2*(-108)/s. Let b be q/2*(-2)/(-3). What is the greatest common divisor of b and 9?
9
Suppose -2*p = 2*h - 0*h + 22, 5*h = 2*p - 76. Let l be (-12)/(-20) + h/(-10). Suppose x - 48 = -l*x. Calculate the greatest common factor of x and 2.
2
Suppose 0*m = -2*m + 4. Suppose -t = 4*u - 6*t - 13, -u + 3 = -t. Let p be (-126)/(-8) + u/8. What is the greatest common divisor of m and p?
2
Suppose 3*a - 13 = 1184. Suppose 4*x = -x + 3*m + a, 4*x = 4*m + 316. Let v = -25 + x. Calculate the highest common factor of 8 and v.
8
Suppose 0 = -5*u - 3*w - 1390, 4*u + 1104 = w - 5*w. Let x = 162 + u. Let n = x + 209. What is the greatest common factor of n and 9?
9
Suppose 5 = -l - 7. Let d be (-1)/3 - (-804)/36. Let o = l + d. What is the greatest common divisor of o and 2?
2
Let s be (-8)/(-20) + 1644/15. Suppose -3*c = -4*m - 38, -5*m - 60 = -7*c + 2*c. What is the highest common factor of s and c?
10
Suppose 392 = -15*l + 29*l. Let h be ((-1)/(-2))/((-2)/(-28)). What is the greatest common factor of h and l?
7
Let z be (8/(-20))/((-2)/140). Calculate the highest common factor of z and 140.
28
Suppose u - 2*u = -3. Suppose -p = u*p - 440. Calculate the greatest common divisor of p and 10.
10
Let v(q) = 2*q**2 - 7*q + 6. Let g be v(4). Suppose 3*w - s = -0*s + 28, 23 = 3*w + 4*s. Suppose 4*r - w = -1. What is the highest common factor of r and g?
2
Let f = -38 - -110. Let w be (f + -2)*(-2)/(-5). Calculate the highest common factor of 14 and w.
14
Let y be ((-12)/9)/((-4)/6). Let z be 5/y + 1/2. Let o be (-15)/(2 + -3) - 3. What is the highest common divisor of z and o?
3
Suppose 159 = -5*b + 459. Let q be ((-45)/(-12) + -3)/(1/16). What is the highest common divisor of b and q?
12
Let i(a) = 2*a + 28. Let w be i(0). What is the greatest common divisor of w and 42?
14
Let z(w) = 24*w**3 - w + 1. Let i be z(1). Calculate the greatest common factor of i and 84.
12
Let j(n) = n**3 - 3*n**2 - 7*n + 14. Let b be j(6). Calculate the highest common divisor of b and 32.
16
Let t(h) = h**3 + 8*h**2 - 13*h - 31. Let i be t(-9). What is the highest common factor of 2 and i?
1
Suppose -4*h + 32 = -4*f, 0*f = f + 3. Calculate the highest common factor of 25 and h.
5
Let w = 9 - 7. Let g be -6*(w/4)/(-1). Suppose 0 = -g*a, 5*q - 42 = 3*a - 2. Calculate the greatest common divisor of 64 and q.
8
Let p = -50 + 60. Calculate the greatest common factor of p and 10.
10
Let x(n) = n**3 + 6*n**2 - 9*n - 12. Let t be x(-7). Calculate the greatest common factor of 10 and t.
2
Let f be (7*(-12)/2)/(-1). Suppose -k - 2*k = -f. What is the greatest common factor of 35 and k?
7
Suppose 5*m - 2*d - 146 = 39, -5*d = -3*m + 130. Let v = m - 25. Let h be (1 - 9)/(20/(-50)). Calculate the highest common divisor of v and h.
10
Let l be (4 - 1) + 5 + -6. What is the greatest common factor of 14 and l?
2
Let s be -14*(-4 + 3)*13. Suppose o + 4*j - 155 = 0, 2*j = o - s + 15. Let r = 240 - o. What is the highest common factor of 11 and r?
11
Let o be 0/(-3) + (0 - 1). Let z be (4 - -10)*(-1)/o. Calculate the greatest common factor of z and 70.
14
Let h be 5/(-1) + 2/(-2). Let w = -4 - h. Suppose w*j + 2*j = 160. What is the greatest common divisor of j and 16?
8
Let d(h) = h**2 - 4*h + 5. Let o be d(3). Suppose 2*q + 4 = -0. Let g be q - o*1*-2. What is the highest common divisor of g and 2?
2
Let l be (1 + (-1)/(-3))*(-90)/(-12). What is the greatest common divisor of l and 70?
10
Let g(l) = 3*l**3 - 6*l + 3*l - 9*l**3 + 5*l**3 + 3 - 3*l**2. Let z be g(-3). Calculate the greatest common factor of z and 18.
6
Let g = 155 - -7. What is the highest common divisor of 18 and g?
18
Suppose -5*y = -r + 38, 3*r + 2*y - 163 = -2*r. Let g = 364 - 361. Calculate the greatest common factor of g and r.
3
Suppose -q + 4*q = 60. Let x be (2 + (-14)/6)/((-1)/12). Calculate the greatest common factor of q and x.
4
Let k be 8 + (-5 - (2 + -6)). Calculate the highest common factor of k and 42.
7
Suppose -5*w + 2*b = -3*b - 105, 21 = w + 3*b. Let g be 58 + 3 + (1 - -1). Calculate the highest common divisor of w and g.
21
Suppose 54 = 2*c + c. Let g be 2/((-4)/(-48)*4). What is the greatest common divisor of g and c?
6
Let p(g) = -4*g - 7. Let b be p(-6). Let m = b + -5. What is the highest common divisor of m and 18?
6
Suppose 22 = -3*j + 106. Let h = 38 + -10. Suppose 3*g - h + 7 = 0. What is the highest common factor of g and j?
7
Let l(a) = -a - 5. Let f be l(0). Let i be (-15)/f - (-1)/1. Suppose -i*y - 33 = -97. What is the highest common factor of y and 8?
8
Let g(b) = 42*b**3. Let o be g(-1). Let r = -27 - o. Let z be (r/1)/((-6)/(-4)). What is the highest common divisor of 20 and z?
10
Let z = 4 + -2. Let u = 6 - z. Suppose -u*n - 4*l = -40, -3 = 5*l + 7. What is the highest common factor of 30 and n?
6
Let d(r) = -12 + 10*r - 23*r + 10*r. Let o be d(-8). What is the highest common factor of 18 and o?
6
Let i(o) = -o**3 + 5*o**2 + 2*o. Let x be i(-2). What is the highest common divisor of 3 and x?
3
Suppose -6*z + 4*z - 5*q = -48, 5*z - 143 = -q. Calculate the highest common divisor of 261 and z.
29
Let y = -5 - -5. Suppose y*r = 5*r - 40. Calculate the greatest common factor of r and 24.
8
Let z(d) be the second derivative of -11*d**3/6 + 3*d**2/2 - 2*d. Let p be z(5). Let h = -14 - p. Calculate the greatest common factor of h and 95.
19
Suppose 6 = -x + 38. What is the greatest common factor of 256 and x?
32
Suppose 41 + 17 = -u + 2*x, -3*u - 186 = -3*x. Let c = -35 - u. Let t = c + -19. Calculate the highest common divisor of t and 132.
12
Let h = -165 + 336. Suppose 12*x - 15*x = -h. Calculate the highest common divisor of x and 38.
19
Let i(k) = k**3 + 6*k**2 + k - 4. Let m = 7 + -12. Let x be i(m). Let b = 131 - 19. What is the highest common divisor of b and x?
16
Suppose -4*n + 35 = -g, -4*n = -2*n - 5*g + 5. Let x = -8 + 4. Let t be (x/n)/((-6)/240). What is the highest common factor of 128 and t?
16
Suppose -2*c - 6 = 0, -4*v = -4*c + c - 29. Suppose d = 3*q - 32, 39 = v*q + 3*d - 5. What is the greatest common factor of 30 and q?
10
Suppose 5*p + 198 = 5*h - 27, 2*p - 45 = -h. Calculate the greatest common divisor of h and 15.
15
Let i = -5 + 17. Suppose 0*m + 4*m + 4*c = -16, -3*m - 4*c = i. Let u = m - -6. Calculate the highest common factor of 20 and u.
2
Let x = 59 - -58. Calculate the highest common factor of 13 and x.
13
Let g be (0 - (2 - 0))*-2. Let n(a) be the first derivative of -a**2/2 + 5*a + 3. Let x be n(g). Calculate the highest common divisor of 8 and x.
1
Let k be 6/(-18) + (-433)/(-3). Suppose -3*l = -2*j - k, 3*j = -3*l + 53 + 91. What is the greatest common divisor of 6 and l?
6
Let d(h) = -2*h**3 + 10*h**2 - 2*h - 4. Let c be d(4). What is the greatest common divisor of 20 and c?
20
Let f(r) = -4*r - 18. Let d be f(-12). Suppose 2*m - 6 = -0*m. Calculate the highest common divisor of d and m.
3
Let d(w) = w**2 - 8*w - 12. Let m be d(11). What is the highest common factor of 84 and m?
21
Let h be 23/(-7) - (-2)/7. Let r be 2/(-1) - (-33 + h). Suppose -5*z + 52 = -203. What is the highest common divisor of z and r?
17
Let z be (-30)/4*12/(-3). What is the highest common divisor of z and 40?
10
Let c = -18 - -29. Let v be -2 + -303*4/(-12). What is the greatest common divisor of c and v?
11
Let c = -4 - -4. Let m be 0 - (-50 + (0 - c)). Let y = -26 - -31. What is the highest common factor of y and m?
5
Let d(c) = -c**3 + 8*c**2 + c + 4. Let g be d(8). What is the greatest common divisor of 8 and g?
4
Suppose -20 = 